{"id":17,"date":"2017-03-04T23:51:21","date_gmt":"2017-03-04T22:51:21","guid":{"rendered":"http:\/\/www.correctographe.fr\/?page_id=17"},"modified":"2023-04-13T18:37:28","modified_gmt":"2023-04-13T16:37:28","slug":"accueil","status":"publish","type":"page","link":"https:\/\/www.correctographe.fr\/","title":{"rendered":"Accueil"},"content":{"rendered":"<p>\u00a0<\/p>\n<p><strong>Bienvenue sur le site de CorrectOgraphe !<\/strong><\/p>\n<p>La relecture et la correction des textes sont essentielles pour une parfaite r\u00e9alisation et une pr\u00e9sentation irr\u00e9prochable des documents.<\/p>\n<p>La correction ne s&rsquo;improvise pas : orthographe, concordance des temps, utilisation des termes appropri\u00e9s sont indispensables \u00e0 la compr\u00e9hension d&rsquo;un texte. Le bon usage de la ponctuation, des capitales, la coh\u00e9rence et l&rsquo;harmonisation des sigles et abr\u00e9viations ainsi que l&rsquo;application des usages typographiques sont tout aussi importants pour pr\u00e9senter un texte de qualit\u00e9. La langue fran\u00e7aise, trop souvent malmen\u00e9e, m\u00e9rite bien toutes ces attentions\u00a0!<\/p>\n<p>Pour exercer cette activit\u00e9, le correcteur doit r\u00e9pondre \u00e0 des crit\u00e8res pr\u00e9cis :<\/p>\n<ul>\n<li><span class=\"t\">\u00eatre m\u00e9ticuleux, vif, concentr\u00e9 sur les textes \u00e0 lire ;<\/span><\/li>\n<li><span class=\"t\">poss\u00e9der un \u0153il aiguis\u00e9 pour ne rien laisser passer ;<\/span><\/li>\n<li><span class=\"t\">avoir le go\u00fbt, voire un amour irrationnel, pour la langue fran\u00e7aise et ses subtilit\u00e9s ;<br \/><\/span><\/li>\n<li><span class=\"t\">\u00eatre patient ;<br \/><\/span><\/li>\n<li><span class=\"t\">ma\u00eetriser le<\/span><span class=\"t\"> code orthotypographique <\/span><span class=\"t\">dans les moindres d\u00e9tails.<\/span><\/li>\n<\/ul>\n<p><span style=\"font-size: 12.0pt; color: black;\"><strong>Correctrice professionnelle certifi\u00e9e et exp\u00e9riment\u00e9e, je prends soin de vos mots. <\/strong><\/span><\/p>\n<p><span style=\"font-size: 12.0pt; color: black;\">Mon r\u00f4le est d\u2019optimiser et de <strong>mettre en conformit\u00e9<\/strong> vos \u00e9crits r\u00e9dig\u00e9s en langue fran\u00e7aise. <\/span><\/p>\n<p><span style=\"font-size: 12.0pt; color: black;\">J&rsquo;assure le <strong>contr\u00f4le-qualit\u00e9<\/strong> des textes que vous souhaitez me confier : <\/span><span style=\"font-size: 12.0pt; color: black;\">communication professionnelle, <\/span><span style=\"font-size: 12.0pt; color: black;\">manu<\/span><span style=\"font-size: 12.0pt; color: black;\">scrits de particuliers, travaux d\u2019\u00e9tudiants, etc.<\/span><\/p>\n<p><span style=\"font-size: 12.0pt; color: black;\">J&rsquo;apporte une <strong>valeur ajout\u00e9e<\/strong> en proc\u00e9dant \u00e0 une relecture int\u00e9grale et approfondie du texte pour corriger et supprimer les \u00e9ventuelles erreurs, r\u00e9p\u00e9titions et coquilles. <\/span><span style=\"font-size: 12.0pt; color: black;\">Je refuse toutefois les \u00e9crits contenant des propos susceptibles de porter atteinte \u00e0 la dignit\u00e9 humaine.<br \/><\/span><\/p>\n<p>Je reste<strong> partenaire de vos projets<\/strong> en mettant \u00e0 votre service :<\/p>\n<ul>\n<li><span style=\"font-size: 12.0pt; color: black;\">mes comp\u00e9tences :\u00a0 une rigueur absolue, l<\/span><span style=\"font-size: 12.0pt; color: black;\">e sens de la pr\u00e9cision, des capacit\u00e9s d\u2019adaptation, d\u2019attention et de concentration. <\/span><\/li>\n<li>mon engagement : remettre, dans les d\u00e9lais impartis, des documents impeccables en respectant la pens\u00e9e de l\u2019auteur sans trahir le contenu de l\u2019ouvrage.<\/li>\n<\/ul>\n<p><span style=\"font-size: 12.0pt; color: black;\"><strong>Free-lance<\/strong><\/span><\/p>\n<p>Install\u00e9e \u00e0 proximit\u00e9 de Niort (Deux-S\u00e8vres, Nouvelle-Aquitaine), je travaille en free-lance \u00e0 distance. \u00c0 l&rsquo;\u00e8re de l&rsquo;informatique, l&rsquo;\u00e9loignement n&rsquo;est plus un probl\u00e8me : nous \u00e9changeons par mail et bien s\u00fbr par t\u00e9l\u00e9phone si n\u00e9cessaire. Je r\u00e9ceptionne vos documents au format informatique (suite Office, txt, pdf) et je vous les retourne de la m\u00eame mani\u00e8re.<\/p>\n<p>Je suis correctrice ind\u00e9pendante. C&rsquo;est pour vous un gage de discr\u00e9tion et de r\u00e9gularit\u00e9 dans la qualit\u00e9 de la prestation.<\/p>\n<p style=\"text-align: center;\"><span style=\"font-size: 12.0pt; color: black;\">Au plaisir de vous (re)lire prochainement,<\/span><\/p>\n<p style=\"text-align: center;\"><span style=\"font-size: 12.0pt; color: black;\">\u00a0\u00a0\u00a0\u00a0\u00a0\u00a0\u00a0\u00a0\u00a0\u00a0\u00a0\u00a0\u00a0\u00a0\u00a0\u00a0\u00a0\u00a0\u00a0\u00a0\u00a0\u00a0\u00a0\u00a0\u00a0\u00a0\u00a0\u00a0\u00a0\u00a0\u00a0\u00a0\u00a0\u00a0\u00a0 Michelle PR\u00c9AULT<\/span>\u00a0<span style=\"font-size: 12.0pt; color: black;\">\u00a0\u00a0\u00a0\u00a0\u00a0\u00a0\u00a0\u00a0\u00a0\u00a0\u00a0\u00a0\u00a0\u00a0\u00a0\u00a0\u00a0\u00a0\u00a0\u00a0\u00a0\u00a0\u00a0\u00a0\u00a0\u00a0\u00a0\u00a0\u00a0\u00a0\u00a0\u00a0\u00a0\u00a0\u00a0\u00a0\u00a0\u00a0\u00a0 <\/span><\/p>\n\n\n<div class=\"wp-block-image\"><figure class=\"aligncenter size-large is-resized\"><img loading=\"lazy\" src=\"http:\/\/www.correctographe.fr\/wp-content\/uploads\/2021\/12\/Photo2-1024x1024.jpg\" alt=\"\" class=\"wp-image-411\" width=\"224\" height=\"224\" srcset=\"https:\/\/www.correctographe.fr\/wp-content\/uploads\/2021\/12\/Photo2-1024x1024.jpg 1024w, https:\/\/www.correctographe.fr\/wp-content\/uploads\/2021\/12\/Photo2-300x300.jpg 300w, https:\/\/www.correctographe.fr\/wp-content\/uploads\/2021\/12\/Photo2-150x150.jpg 150w, https:\/\/www.correctographe.fr\/wp-content\/uploads\/2021\/12\/Photo2-768x768.jpg 768w, https:\/\/www.correctographe.fr\/wp-content\/uploads\/2021\/12\/Photo2-100x100.jpg 100w, https:\/\/www.correctographe.fr\/wp-content\/uploads\/2021\/12\/Photo2.jpg 1418w\" sizes=\"(max-width: 224px) 100vw, 224px\" \/><\/figure><\/div>\n\n\n\n<p><\/p>\n","protected":false},"excerpt":{"rendered":"<p>\u00a0 Bienvenue sur le site de CorrectOgraphe ! La relecture et la correction des textes sont essentielles pour une parfaite r\u00e9alisation et une pr\u00e9sentation irr\u00e9prochable des documents. La correction ne s&rsquo;improvise pas : orthographe, concordance des temps, utilisation des termes appropri\u00e9s sont indispensables \u00e0 la compr\u00e9hension d&rsquo;un texte. Le bon usage de la ponctuation, des &hellip; <\/p>\n<p class=\"link-more\"><a href=\"https:\/\/www.correctographe.fr\/\" class=\"more-link\">Continuer la lecture<span class=\"screen-reader-text\"> de &laquo;&nbsp;Accueil&nbsp;&raquo;<\/span><\/a><\/p>\n","protected":false},"author":1,"featured_media":55,"parent":0,"menu_order":0,"comment_status":"closed","ping_status":"closed","template":"","meta":[],"_links":{"self":[{"href":"https:\/\/www.correctographe.fr\/index.php?rest_route=\/wp\/v2\/pages\/17"}],"collection":[{"href":"https:\/\/www.correctographe.fr\/index.php?rest_route=\/wp\/v2\/pages"}],"about":[{"href":"https:\/\/www.correctographe.fr\/index.php?rest_route=\/wp\/v2\/types\/page"}],"author":[{"embeddable":true,"href":"https:\/\/www.correctographe.fr\/index.php?rest_route=\/wp\/v2\/users\/1"}],"replies":[{"embeddable":true,"href":"https:\/\/www.correctographe.fr\/index.php?rest_route=%2Fwp%2Fv2%2Fcomments&post=17"}],"version-history":[{"count":54,"href":"https:\/\/www.correctographe.fr\/index.php?rest_route=\/wp\/v2\/pages\/17\/revisions"}],"predecessor-version":[{"id":601,"href":"https:\/\/www.correctographe.fr\/index.php?rest_route=\/wp\/v2\/pages\/17\/revisions\/601"}],"wp:featuredmedia":[{"embeddable":true,"href":"https:\/\/www.correctographe.fr\/index.php?rest_route=\/wp\/v2\/media\/55"}],"wp:attachment":[{"href":"https:\/\/www.correctographe.fr\/index.php?rest_route=%2Fwp%2Fv2%2Fmedia&parent=17"}],"curies":[{"name":"wp","href":"https:\/\/api.w.org\/{rel}","templated":true}]}}

<p> </p>
<p><strong>Bienvenue sur le site de CorrectOgraphe !</strong></p>
<p>La relecture et la correction des textes sont essentielles pour une parfaite réalisation et une présentation irréprochable des documents.</p>
<p>La correction ne s&rsquo;improvise pas : orthographe, concordance des temps, utilisation des termes appropriés sont indispensables à la compréhension d&rsquo;un texte. Le bon usage de la ponctuation, des capitales, la cohérence et l&rsquo;harmonisation des sigles et abréviations ainsi que l&rsquo;application des usages typographiques sont tout aussi importants pour présenter un texte de qualité. La langue française, trop souvent malmenée, mérite bien toutes ces attentions !</p>
<p>Pour exercer cette activité, le correcteur doit répondre à des critères précis :</p>
<ul>
<li><span class="t">être méticuleux, vif, concentré sur les textes à lire ;</span></li>
<li><span class="t">posséder un œil aiguisé pour ne rien laisser passer ;</span></li>
<li><span class="t">avoir le goût, voire un amour irrationnel, pour la langue française et ses subtilités ;<br /></span></li>
<li><span class="t">être patient ;<br /></span></li>
<li><span class="t">maîtriser le</span><span class="t"> code orthotypographique </span><span class="t">dans les moindres détails.</span></li>
</ul>
<p><span style="font-size: 12.0pt; color: black;"><strong>Correctrice professionnelle certifiée et expérimentée, je prends soin de vos mots. </strong></span></p>
<p><span style="font-size: 12.0pt; color: black;">Mon rôle est d’optimiser et de <strong>mettre en conformité</strong> vos écrits rédigés en langue française. </span></p>
<p><span style="font-size: 12.0pt; color: black;">J&rsquo;assure le <strong>contrôle-qualité</strong> des textes que vous souhaitez me confier : </span><span style="font-size: 12.0pt; color: black;">communication professionnelle, </span><span style="font-size: 12.0pt; color: black;">manu</span><span style="font-size: 12.0pt; color: black;">scrits de particuliers, travaux d’étudiants, etc.</span></p>
<p><span style="font-size: 12.0pt; color: black;">J&rsquo;apporte une <strong>valeur ajoutée</strong> en procédant à une relecture intégrale et approfondie du texte pour corriger et supprimer les éventuelles erreurs, répétitions et coquilles. </span><span style="font-size: 12.0pt; color: black;">Je refuse toutefois les écrits contenant des propos susceptibles de porter atteinte à la dignité humaine.<br /></span></p>
<p>Je reste<strong> partenaire de vos projets</strong> en mettant à votre service :</p>
<ul>
<li><span style="font-size: 12.0pt; color: black;">mes compétences :  une rigueur absolue, l</span><span style="font-size: 12.0pt; color: black;">e sens de la précision, des capacités d’adaptation, d’attention et de concentration. </span></li>
<li>mon engagement : remettre, dans les délais impartis, des documents impeccables en respectant la pensée de l’auteur sans trahir le contenu de l’ouvrage.</li>
</ul>
<p><span style="font-size: 12.0pt; color: black;"><strong>Free-lance</strong></span></p>
<p>Installée à proximité de Niort (Deux-Sèvres, Nouvelle-Aquitaine), je travaille en free-lance à distance. À l&rsquo;ère de l&rsquo;informatique, l&rsquo;éloignement n&rsquo;est plus un problème : nous échangeons par mail et bien sûr par téléphone si nécessaire. Je réceptionne vos documents au format informatique (suite Office, txt, pdf) et je vous les retourne de la même manière.</p>
<p>Je suis correctrice indépendante. C&rsquo;est pour vous un gage de discrétion et de régularité dans la qualité de la prestation.</p>
<p style="text-align: center;"><span style="font-size: 12.0pt; color: black;">Au plaisir de vous (re)lire prochainement,</span></p>
<p style="text-align: center;"><span style="font-size: 12.0pt; color: black;">                                    Michelle PRÉAULT</span> <span style="font-size: 12.0pt; color: black;">                                        </span></p>


<div class="wp-block-image"><figure class="aligncenter size-large is-resized"><img loading="lazy" src="http://www.correctographe.fr/wp-content/uploads/2021/12/Photo2-1024x1024.jpg" alt="" class="wp-image-411" width="224" height="224" srcset="https://www.correctographe.fr/wp-content/uploads/2021/12/Photo2-1024x1024.jpg 1024w, https://www.correctographe.fr/wp-content/uploads/2021/12/Photo2-300x300.jpg 300w, https://www.correctographe.fr/wp-content/uploads/2021/12/Photo2-150x150.jpg 150w, https://www.correctographe.fr/wp-content/uploads/2021/12/Photo2-768x768.jpg 768w, https://www.correctographe.fr/wp-content/uploads/2021/12/Photo2-100x100.jpg 100w, https://www.correctographe.fr/wp-content/uploads/2021/12/Photo2.jpg 1418w" sizes="(max-width: 224px) 100vw, 224px" /></figure></div>



<p></p>

<p>  Bienvenue sur le site de CorrectOgraphe ! La relecture et la correction des textes sont essentielles pour une parfaite réalisation et une présentation irréprochable des documents. La correction ne s&rsquo;improvise pas : orthographe, concordance des temps, utilisation des termes appropriés sont indispensables à la compréhension d&rsquo;un texte. Le bon usage de la ponctuation, des &hellip; </p>
<p class="link-more"><a href="https://www.correctographe.fr/" class="more-link">Continuer la lecture<span class="screen-reader-text"> de &laquo;&nbsp;Accueil&nbsp;&raquo;</span></a></p>
