{"id":491,"date":"2022-12-27T15:01:24","date_gmt":"2022-12-27T14:01:24","guid":{"rendered":"http:\/\/www.correctographe.fr\/?page_id=491"},"modified":"2025-09-14T16:49:14","modified_gmt":"2025-09-14T14:49:14","slug":"avis","status":"publish","type":"page","link":"https:\/\/www.correctographe.fr\/?page_id=491","title":{"rendered":"Avis et t\u00e9moignages"},"content":{"rendered":"\n<div class=\"wp-block-group\"><div class=\"wp-block-group__inner-container\">\n<p>\u200b<\/p>\n\n\n\n<p class=\"has-text-color has-medium-font-size\" style=\"color:#0d83b6\"><strong>Professionnels ou particuliers, ILS  FONT CONFIANCE \u00c0 CorrectOgraphe&#8230;<\/strong> <\/p>\n\n\n\n<p class=\"has-black-color has-text-color\"><\/p>\n\n\n\n<p class=\"has-drop-cap\"><span class=\"has-inline-color has-vivid-purple-color\"><em>\u00ab<\/em>&nbsp;<em>Nous faisons appel \u00e0 Michelle pour relire certains textes professionnels. Ses retours sont clairs et pertinents et ses suggestions sont appr\u00e9ciables, ce qui apporte une r\u00e9assurance avant publication. Une collaboration que je recommande sans h\u00e9siter. \u00bb<\/em><\/span><em> <\/em>Peggy, charg\u00e9e de communication (juillet 2025)<\/p>\n\n\n\n<p><\/p>\n\n\n\n<p class=\"has-drop-cap\"><span class=\"has-inline-color has-vivid-cyan-blue-color\"><em>\u00ab<\/em>&nbsp;<\/span><em><span class=\"has-inline-color has-vivid-cyan-blue-color\">Nous avons fait appel \u00e0 Michelle pour la relecture d\u2019un magazine d\u2019une cinquantaine de pages. Nous sommes ravis de l\u2019attention port\u00e9e \u00e0 notre projet ainsi que le professionnalisme et la r\u00e9activit\u00e9 de Michelle. Merci ! \u00bb<\/span> <\/em>Simon, charg\u00e9 de projets marketing, Romactis (juillet 2023)<\/p>\n\n\n\n<p><em><span class=\"has-inline-color has-vivid-cyan-blue-color\"><\/span><\/em><\/p>\n\n\n\n<div class=\"wp-block-group has-text-color\" style=\"color:#f88921\"><div class=\"wp-block-group__inner-container\">\n<p class=\"has-drop-cap\"><em>\u00ab<\/em> <em>Nous sommes extr\u00eamement satisfaits du travail de relecture et de corrections effectu\u00e9 par Michelle. Non seulement elle est rapide et efficace, mais elle est \u00e9galement tr\u00e8s attentive aux d\u00e9tails et ne laisse passer aucune faute. Nous avons eu la chance de travailler avec elle depuis de nombreuses ann\u00e9es et nous avons toujours \u00e9t\u00e9 impressionn\u00e9s par la qualit\u00e9 de son travail.<\/em><\/p>\n\n\n\n<p><em><span class=\"has-inline-color has-vivid-purple-color\"><\/span>Son expertise en mati\u00e8re de grammaire, de syntaxe et de style est remarquable et elle sait comment am\u00e9liorer le contenu tout en pr\u00e9servant l&rsquo;authenticit\u00e9 de l&rsquo;auteur. Elle est \u00e9galement tr\u00e8s professionnelle et toujours dispos\u00e9e \u00e0 r\u00e9pondre \u00e0 nos questions et \u00e0 apporter des modifications suppl\u00e9mentaires si n\u00e9cessaire.<\/em><\/p>\n\n\n\n<p><em>Nous avons une grande confiance en Michelle et nous la recommandons chaudement \u00e0 tous ceux qui cherchent une prestataire de relecture et de corrections de qualit\u00e9 sup\u00e9rieure. Nous esp\u00e9rons continuer \u00e0 travailler avec elle pour de nombreuses ann\u00e9es \u00e0 venir. \u00bb<\/em> <span class=\"has-inline-color has-black-color\">Cathy, communication&nbsp;commerciale (janvier 2023)<\/span><\/p>\n<\/div><\/div>\n\n\n\n<div style=\"height:23px\" aria-hidden=\"true\" class=\"wp-block-spacer\"><\/div>\n\n\n\n<p class=\"has-drop-cap\"><span class=\"has-inline-color has-vivid-purple-color\"><em>\u00ab<\/em> <em>Michelle est une excellente professionnelle !&nbsp;Force de propositions et impliqu\u00e9e, elle passe au crible nos publications et nous en sommes ravis. C&rsquo;est un r\u00e9el plaisir de travailler avec elle et un gage de qualit\u00e9. Merci Michelle.&nbsp;\u00bb<\/em> <\/span><span class=\"has-inline-color has-black-color\">Anne-Sophie, cheffe de projet \u00e9ditorial (d\u00e9cembre 2022)<\/span><\/p>\n\n\n\n<div style=\"height:23px\" aria-hidden=\"true\" class=\"wp-block-spacer\"><\/div>\n\n\n\n<p class=\"has-drop-cap\"><em><span class=\"has-inline-color has-vivid-cyan-blue-color\">\u00ab<\/span><\/em><span class=\"has-inline-color has-vivid-cyan-blue-color\">&nbsp;<\/span><em><span class=\"has-inline-color has-vivid-cyan-blue-color\">Je vous confirme que nous sommes satisfaits par votre prestation. Nous n\u2019h\u00e9siterons pas \u00e0 faire appel \u00e0 vous pour de nouveaux projets. \u00bb<\/span><\/em> Virginie, Uni-m\u00e9dias (ao\u00fbt 2022)<\/p>\n\n\n\n<div style=\"height:23px\" aria-hidden=\"true\" class=\"wp-block-spacer\"><\/div>\n\n\n\n<p class=\"has-drop-cap\"><span class=\"has-inline-color has-luminous-vivid-orange-color\"><em>\u00ab<\/em>&nbsp;<em>Je vous remercie pour votre correction pr\u00e9cise, c&rsquo;est parfait. Outre la curiosit\u00e9 que je porte \u00e0 vos remarques, cela m\u2019a beaucoup aid\u00e9 et rassur\u00e9. [\u2026]<\/em><\/span> <span class=\"has-inline-color has-luminous-vivid-orange-color\"><em>En esp\u00e9rant ne pas abuser de votre temps, mais \u00e9tant encore dans une phase assez secr\u00e8te d\u2019\u00e9criture, je n\u2019ai personne d\u2019autre que vous avec qui partager cela<\/em>.&nbsp;\u00bb<\/span> Matthieu (mai 2022)<\/p>\n<\/div><\/div>\n","protected":false},"excerpt":{"rendered":"","protected":false},"author":1,"featured_media":0,"parent":0,"menu_order":0,"comment_status":"closed","ping_status":"closed","template":"","meta":[],"_links":{"self":[{"href":"https:\/\/www.correctographe.fr\/index.php?rest_route=\/wp\/v2\/pages\/491"}],"collection":[{"href":"https:\/\/www.correctographe.fr\/index.php?rest_route=\/wp\/v2\/pages"}],"about":[{"href":"https:\/\/www.correctographe.fr\/index.php?rest_route=\/wp\/v2\/types\/page"}],"author":[{"embeddable":true,"href":"https:\/\/www.correctographe.fr\/index.php?rest_route=\/wp\/v2\/users\/1"}],"replies":[{"embeddable":true,"href":"https:\/\/www.correctographe.fr\/index.php?rest_route=%2Fwp%2Fv2%2Fcomments&post=491"}],"version-history":[{"count":53,"href":"https:\/\/www.correctographe.fr\/index.php?rest_route=\/wp\/v2\/pages\/491\/revisions"}],"predecessor-version":[{"id":829,"href":"https:\/\/www.correctographe.fr\/index.php?rest_route=\/wp\/v2\/pages\/491\/revisions\/829"}],"wp:attachment":[{"href":"https:\/\/www.correctographe.fr\/index.php?rest_route=%2Fwp%2Fv2%2Fmedia&parent=491"}],"curies":[{"name":"wp","href":"https:\/\/api.w.org\/{rel}","templated":true}]}}